{"id":3834,"date":"2025-04-04T14:25:24","date_gmt":"2025-04-04T14:25:24","guid":{"rendered":"https:\/\/mendesdecor.pt\/?post_type=product&#038;p=3834"},"modified":"2026-02-20T15:56:15","modified_gmt":"2026-02-20T15:56:15","slug":"cadeira-8742l505","status":"publish","type":"product","link":"https:\/\/mendesdecor.pt\/index.php\/produto\/cadeira-8742l505\/","title":{"rendered":"Cadeira 8742L505"},"content":{"rendered":"<p><span style=\"color: #000000; font-size: 28px;\">Caracter\u00edsticas principais<\/span><\/p>\n<div class=\"elementWrapper\">\n<div class=\"elementsLib\">\n<div class=\"list_elem \">\n<ul class=\"radiobutton contentFull\">\n<li>Dimens\u00f5es (C x L x A): 60 x 55 x 90<\/li>\n<li>Material: Tecido Velvet<\/li>\n<li>Cor: Cinza e P\u00e9 dourado<\/li>\n<\/ul>\n<\/div>\n<\/div>\n<\/div>\n","protected":false},"excerpt":{"rendered":"<p>Caracter\u00edsticas principais Dimens\u00f5es (C x L x A): 60 x 55 x 90 Material: Tecido Velvet Cor: Cinza e P\u00e9 dourado<\/p>\n","protected":false},"featured_media":3836,"template":"","meta":[],"product_brand":[],"product_cat":[126],"product_tag":[],"class_list":["post-3834","product","type-product","status-publish","has-post-thumbnail","product_cat-cadeiras","first","instock","shipping-taxable","purchasable","product-type-variable"],"_links":{"self":[{"href":"https:\/\/mendesdecor.pt\/index.php\/wp-json\/wp\/v2\/product\/3834","targetHints":{"allow":["GET"]}}],"collection":[{"href":"https:\/\/mendesdecor.pt\/index.php\/wp-json\/wp\/v2\/product"}],"about":[{"href":"https:\/\/mendesdecor.pt\/index.php\/wp-json\/wp\/v2\/types\/product"}],"wp:featuredmedia":[{"embeddable":true,"href":"https:\/\/mendesdecor.pt\/index.php\/wp-json\/wp\/v2\/media\/3836"}],"wp:attachment":[{"href":"https:\/\/mendesdecor.pt\/index.php\/wp-json\/wp\/v2\/media?parent=3834"}],"wp:term":[{"taxonomy":"product_brand","embeddable":true,"href":"https:\/\/mendesdecor.pt\/index.php\/wp-json\/wp\/v2\/product_brand?post=3834"},{"taxonomy":"product_cat","embeddable":true,"href":"https:\/\/mendesdecor.pt\/index.php\/wp-json\/wp\/v2\/product_cat?post=3834"},{"taxonomy":"product_tag","embeddable":true,"href":"https:\/\/mendesdecor.pt\/index.php\/wp-json\/wp\/v2\/product_tag?post=3834"}],"curies":[{"name":"wp","href":"https:\/\/api.w.org\/{rel}","templated":true}]}}

<p><span style="color: #000000; font-size: 28px;">Características principais</span></p>
<div class="elementWrapper">
<div class="elementsLib">
<div class="list_elem ">
<ul class="radiobutton contentFull">
<li>Dimensões (C x L x A): 60 x 55 x 90</li>
<li>Material: Tecido Velvet</li>
<li>Cor: Cinza e Pé dourado</li>
</ul>
</div>
</div>
</div>

<p>Características principais Dimensões (C x L x A): 60 x 55 x 90 Material: Tecido Velvet Cor: Cinza e Pé dourado</p>
