{"id":4047,"date":"2025-06-06T17:00:00","date_gmt":"2025-06-06T17:00:00","guid":{"rendered":"https:\/\/mendesdecor.pt\/?post_type=product&#038;p=4047"},"modified":"2026-02-20T16:04:06","modified_gmt":"2026-02-20T16:04:06","slug":"mesa-829","status":"publish","type":"product","link":"https:\/\/mendesdecor.pt\/index.php\/produto\/mesa-829\/","title":{"rendered":"Mesa 829"},"content":{"rendered":"<p><span style=\"color: #000000; font-size: 28px;\">Caracter\u00edsticas principais<\/span><\/p>\n<div class=\"elementWrapper\">\n<div class=\"elementsLib\">\n<div class=\"list_elem \">\n<ul class=\"radiobutton contentFull\">\n<li>Dimens\u00f5es (C x L x A): 200 x 100 x 76 cm<\/li>\n<li>Material: Tampo de Vidro<\/li>\n<li>Cor: P\u00e9s Cromados<\/li>\n<\/ul>\n<\/div>\n<\/div>\n<\/div>\n","protected":false},"excerpt":{"rendered":"<p>Caracter\u00edsticas principais Dimens\u00f5es (C x L x A): 200 x 100 x 76 cm Material: Tampo de Vidro Cor: P\u00e9s Cromados<\/p>\n","protected":false},"featured_media":4049,"template":"","meta":[],"product_brand":[],"product_cat":[125],"product_tag":[],"class_list":["post-4047","product","type-product","status-publish","has-post-thumbnail","product_cat-mesas-de-jantar","first","instock","shipping-taxable","purchasable","product-type-variable"],"_links":{"self":[{"href":"https:\/\/mendesdecor.pt\/index.php\/wp-json\/wp\/v2\/product\/4047","targetHints":{"allow":["GET"]}}],"collection":[{"href":"https:\/\/mendesdecor.pt\/index.php\/wp-json\/wp\/v2\/product"}],"about":[{"href":"https:\/\/mendesdecor.pt\/index.php\/wp-json\/wp\/v2\/types\/product"}],"wp:featuredmedia":[{"embeddable":true,"href":"https:\/\/mendesdecor.pt\/index.php\/wp-json\/wp\/v2\/media\/4049"}],"wp:attachment":[{"href":"https:\/\/mendesdecor.pt\/index.php\/wp-json\/wp\/v2\/media?parent=4047"}],"wp:term":[{"taxonomy":"product_brand","embeddable":true,"href":"https:\/\/mendesdecor.pt\/index.php\/wp-json\/wp\/v2\/product_brand?post=4047"},{"taxonomy":"product_cat","embeddable":true,"href":"https:\/\/mendesdecor.pt\/index.php\/wp-json\/wp\/v2\/product_cat?post=4047"},{"taxonomy":"product_tag","embeddable":true,"href":"https:\/\/mendesdecor.pt\/index.php\/wp-json\/wp\/v2\/product_tag?post=4047"}],"curies":[{"name":"wp","href":"https:\/\/api.w.org\/{rel}","templated":true}]}}

<p><span style="color: #000000; font-size: 28px;">Características principais</span></p>
<div class="elementWrapper">
<div class="elementsLib">
<div class="list_elem ">
<ul class="radiobutton contentFull">
<li>Dimensões (C x L x A): 200 x 100 x 76 cm</li>
<li>Material: Tampo de Vidro</li>
<li>Cor: Pés Cromados</li>
</ul>
</div>
</div>
</div>

<p>Características principais Dimensões (C x L x A): 200 x 100 x 76 cm Material: Tampo de Vidro Cor: Pés Cromados</p>
