{"id":4912,"date":"2025-09-25T10:14:12","date_gmt":"2025-09-25T10:14:12","guid":{"rendered":"https:\/\/mendesdecor.pt\/?post_type=product&#038;p=4912"},"modified":"2026-02-07T09:14:35","modified_gmt":"2026-02-07T09:14:35","slug":"tarkett-pure","status":"publish","type":"product","link":"https:\/\/mendesdecor.pt\/index.php\/produto\/tarkett-pure\/","title":{"rendered":"TARKETT PURE"},"content":{"rendered":"<div class=\"information__characteristics__specification__title\" data-v-206be96a=\"\">\n<div class=\"information__characteristics__key-features__title\" data-v-206be96a=\"\">\n<div class=\"information__characteristics__key-features__title\" data-v-206be96a=\"\">\n<div class=\"information__characteristics__key-features\" data-v-206be96a=\"\">\n<div data-v-206be96a=\"\"><\/div>\n<div class=\"information__characteristics__key-features__title\" data-v-206be96a=\"\">\n<div class=\"information__characteristics__key-features__title\" data-v-206be96a=\"\"><strong>CARACTER\u00cdSTICAS PRINCIPAIS<\/strong><\/div>\n<div class=\"information__characteristics__key-features__list\" data-v-206be96a=\"\">\n<ul>\n<li style=\"list-style-type: none;\">\n<ul>\n<li>Autenticidade intemporal da natureza<\/li>\n<li>Origem e produ\u00e7\u00e3o sustent\u00e1veis<\/li>\n<li>\u00d3leo natural ou verniz Proteco<\/li>\n<li>Estabilidade duradoura<\/li>\n<\/ul>\n<\/li>\n<\/ul>\n<p><strong>\u00a0 CARACTER\u00cdSTICAS T\u00c9CNICAS E AMBIENTAIS<\/strong><\/p>\n<div class=\"information__characteristics\" data-v-c8e641ae=\"\">\n<div class=\"information__characteristics__specification\" data-v-c8e641ae=\"\">\n<ul>\n<li style=\"list-style-type: none;\">\n<ul>\n<li class=\"information__characteristics__specification__title\"><span class=\"information__characteristics__specification__list__item__label\" data-v-c8e641ae=\"\">Peso liquido: <\/span><span class=\"information__characteristics__specification__list__item__values\" data-v-c8e641ae=\"\">7,3 kg, 7,9 kg, 7,6 kg, 6,7 kg<\/span><\/li>\n<li class=\"information__characteristics__specification__title\">Car\u00e1cter:\u00a0<span class=\"information__characteristics__specification__list__item__values\" data-v-c8e641ae=\"\">Calm, Lively<\/span><\/li>\n<li class=\"information__characteristics__specification__title\"><span class=\"information__characteristics__specification__list__item__label\" data-v-c8e641ae=\"\">Declara\u00e7\u00e3o de Desempenho #: <\/span><span class=\"information__characteristics__specification__list__item__values\" data-v-c8e641ae=\"\">0190-0103, 0190-0105, 0020-0106, 0020-0104<\/span><\/li>\n<li class=\"information__characteristics__specification__title\">N\u00famero da EPD:\u00a0<span class=\"information__characteristics__specification__list__item__values\" data-v-c8e641ae=\"\">S-P-06627, S-P-01509<\/span><\/li>\n<li class=\"information__characteristics__specification__title\">Pegada de Carbono (da cria\u00e7\u00e3o at\u00e9 ao fim) -7.49 kg CO<sub>2<\/sub>\/m<sup>2<\/sup><\/li>\n<\/ul>\n<\/li>\n<\/ul>\n<\/div>\n<\/div>\n<\/div>\n<\/div>\n<\/div>\n<\/div>\n<\/div>\n<\/div>\n","protected":false},"excerpt":{"rendered":"<p><strong>Pre\u00e7o sob consulta.<\/strong><\/p>\n<p>Comprimento (mm) &#8211; 2200 | 2000 | 2281<\/p>\n<p>Largura (mm) &#8211; 162 | 162 | 194<\/p>\n<p>Espessura Total (mm) &#8211; 14 | 14 | 13<\/p>\n<p>&nbsp;<\/p>\n","protected":false},"featured_media":4920,"template":"","meta":[],"product_brand":[],"product_cat":[108,145,109,518],"product_tag":[112],"class_list":["post-4912","product","type-product","status-publish","has-post-thumbnail","product_cat-construcao","product_cat-madeiras","product_cat-pavimentos","product_cat-pure","product_tag-pavimentos","product_shipping_class-levantamento-na-loja","first","instock","shipping-taxable","purchasable","product-type-variable"],"_links":{"self":[{"href":"https:\/\/mendesdecor.pt\/index.php\/wp-json\/wp\/v2\/product\/4912","targetHints":{"allow":["GET"]}}],"collection":[{"href":"https:\/\/mendesdecor.pt\/index.php\/wp-json\/wp\/v2\/product"}],"about":[{"href":"https:\/\/mendesdecor.pt\/index.php\/wp-json\/wp\/v2\/types\/product"}],"wp:featuredmedia":[{"embeddable":true,"href":"https:\/\/mendesdecor.pt\/index.php\/wp-json\/wp\/v2\/media\/4920"}],"wp:attachment":[{"href":"https:\/\/mendesdecor.pt\/index.php\/wp-json\/wp\/v2\/media?parent=4912"}],"wp:term":[{"taxonomy":"product_brand","embeddable":true,"href":"https:\/\/mendesdecor.pt\/index.php\/wp-json\/wp\/v2\/product_brand?post=4912"},{"taxonomy":"product_cat","embeddable":true,"href":"https:\/\/mendesdecor.pt\/index.php\/wp-json\/wp\/v2\/product_cat?post=4912"},{"taxonomy":"product_tag","embeddable":true,"href":"https:\/\/mendesdecor.pt\/index.php\/wp-json\/wp\/v2\/product_tag?post=4912"}],"curies":[{"name":"wp","href":"https:\/\/api.w.org\/{rel}","templated":true}]}}

<div class="information__characteristics__specification__title" data-v-206be96a="">
<div class="information__characteristics__key-features__title" data-v-206be96a="">
<div class="information__characteristics__key-features__title" data-v-206be96a="">
<div class="information__characteristics__key-features" data-v-206be96a="">
<div data-v-206be96a=""></div>
<div class="information__characteristics__key-features__title" data-v-206be96a="">
<div class="information__characteristics__key-features__title" data-v-206be96a=""><strong>CARACTERÍSTICAS PRINCIPAIS</strong></div>
<div class="information__characteristics__key-features__list" data-v-206be96a="">
<ul>
<li style="list-style-type: none;">
<ul>
<li>Autenticidade intemporal da natureza</li>
<li>Origem e produção sustentáveis</li>
<li>Óleo natural ou verniz Proteco</li>
<li>Estabilidade duradoura</li>
</ul>
</li>
</ul>
<p><strong>  CARACTERÍSTICAS TÉCNICAS E AMBIENTAIS</strong></p>
<div class="information__characteristics" data-v-c8e641ae="">
<div class="information__characteristics__specification" data-v-c8e641ae="">
<ul>
<li style="list-style-type: none;">
<ul>
<li class="information__characteristics__specification__title"><span class="information__characteristics__specification__list__item__label" data-v-c8e641ae="">Peso liquido: </span><span class="information__characteristics__specification__list__item__values" data-v-c8e641ae="">7,3 kg, 7,9 kg, 7,6 kg, 6,7 kg</span></li>
<li class="information__characteristics__specification__title">Carácter: <span class="information__characteristics__specification__list__item__values" data-v-c8e641ae="">Calm, Lively</span></li>
<li class="information__characteristics__specification__title"><span class="information__characteristics__specification__list__item__label" data-v-c8e641ae="">Declaração de Desempenho #: </span><span class="information__characteristics__specification__list__item__values" data-v-c8e641ae="">0190-0103, 0190-0105, 0020-0106, 0020-0104</span></li>
<li class="information__characteristics__specification__title">Número da EPD: <span class="information__characteristics__specification__list__item__values" data-v-c8e641ae="">S-P-06627, S-P-01509</span></li>
<li class="information__characteristics__specification__title">Pegada de Carbono (da criação até ao fim) -7.49 kg CO<sub>2</sub>/m<sup>2</sup></li>
</ul>
</li>
</ul>
</div>
</div>
</div>
</div>
</div>
</div>
</div>
</div>

<p><strong>Preço sob consulta.</strong></p>
<p>Comprimento (mm) &#8211; 2200 | 2000 | 2281</p>
<p>Largura (mm) &#8211; 162 | 162 | 194</p>
<p>Espessura Total (mm) &#8211; 14 | 14 | 13</p>
<p>&nbsp;</p>
