{"id":4946,"date":"2025-09-29T11:31:21","date_gmt":"2025-09-29T11:31:21","guid":{"rendered":"https:\/\/mendesdecor.pt\/?post_type=product&#038;p=4946"},"modified":"2026-02-20T16:01:57","modified_gmt":"2026-02-20T16:01:57","slug":"consola-131734230","status":"publish","type":"product","link":"https:\/\/mendesdecor.pt\/index.php\/produto\/consola-131734230\/","title":{"rendered":"Consola 131734230"},"content":{"rendered":"<p><span style=\"color: #000000; font-size: 28px;\">Caracter\u00edsticas principais<\/span><\/p>\n<div class=\"elementWrapper\">\n<div class=\"elementsLib\">\n<div class=\"list_elem \">\n<ul class=\"radiobutton contentFull\">\n<li>Dimens\u00f5es (C x L x A): 120 x 40 x 85 cm<\/li>\n<li>Material: M\u00e1rmore, Inox<\/li>\n<li>Cor: Prata, Branco<\/li>\n<\/ul>\n<\/div>\n<\/div>\n<\/div>\n","protected":false},"excerpt":{"rendered":"<p>Caracter\u00edsticas principais Dimens\u00f5es (C x L x A): 120 x 40 x 85 cm Material: M\u00e1rmore, Inox Cor: Prata, Branco<\/p>\n","protected":false},"featured_media":4948,"template":"","meta":[],"product_brand":[],"product_cat":[123],"product_tag":[],"class_list":["post-4946","product","type-product","status-publish","has-post-thumbnail","product_cat-consolas","first","instock","shipping-taxable","purchasable","product-type-variable"],"_links":{"self":[{"href":"https:\/\/mendesdecor.pt\/index.php\/wp-json\/wp\/v2\/product\/4946","targetHints":{"allow":["GET"]}}],"collection":[{"href":"https:\/\/mendesdecor.pt\/index.php\/wp-json\/wp\/v2\/product"}],"about":[{"href":"https:\/\/mendesdecor.pt\/index.php\/wp-json\/wp\/v2\/types\/product"}],"wp:featuredmedia":[{"embeddable":true,"href":"https:\/\/mendesdecor.pt\/index.php\/wp-json\/wp\/v2\/media\/4948"}],"wp:attachment":[{"href":"https:\/\/mendesdecor.pt\/index.php\/wp-json\/wp\/v2\/media?parent=4946"}],"wp:term":[{"taxonomy":"product_brand","embeddable":true,"href":"https:\/\/mendesdecor.pt\/index.php\/wp-json\/wp\/v2\/product_brand?post=4946"},{"taxonomy":"product_cat","embeddable":true,"href":"https:\/\/mendesdecor.pt\/index.php\/wp-json\/wp\/v2\/product_cat?post=4946"},{"taxonomy":"product_tag","embeddable":true,"href":"https:\/\/mendesdecor.pt\/index.php\/wp-json\/wp\/v2\/product_tag?post=4946"}],"curies":[{"name":"wp","href":"https:\/\/api.w.org\/{rel}","templated":true}]}}

<p><span style="color: #000000; font-size: 28px;">Características principais</span></p>
<div class="elementWrapper">
<div class="elementsLib">
<div class="list_elem ">
<ul class="radiobutton contentFull">
<li>Dimensões (C x L x A): 120 x 40 x 85 cm</li>
<li>Material: Mármore, Inox</li>
<li>Cor: Prata, Branco</li>
</ul>
</div>
</div>
</div>

<p>Características principais Dimensões (C x L x A): 120 x 40 x 85 cm Material: Mármore, Inox Cor: Prata, Branco</p>
