{"id":5308,"date":"2026-03-05T12:36:35","date_gmt":"2026-03-05T12:36:35","guid":{"rendered":"https:\/\/mendesdecor.pt\/?post_type=product&#038;p=5308"},"modified":"2026-03-05T12:50:30","modified_gmt":"2026-03-05T12:50:30","slug":"penosil-prego-liquido-a-31","status":"publish","type":"product","link":"https:\/\/mendesdecor.pt\/index.php\/produto\/penosil-prego-liquido-a-31\/","title":{"rendered":"Penosil Prego L\u00edquido A-31"},"content":{"rendered":"<p><strong>\u00c1reas de Aplica\u00e7\u00e3o<\/strong><\/p>\n<ul>\n<li style=\"list-style-type: none;\">\n<ul>\n<li>Colagem e fixa\u00e7\u00e3o de materiais porosos e n\u00e3o porosos, dispensando o uso de pregos, rebites, grampos ou outras fixa\u00e7\u00f5es mec\u00e2nicas.<\/li>\n<li>Colagem de rodap\u00e9s, pain\u00e9is, ladrilhos, guarni\u00e7\u00f5es de portas, perfis e outros elementos decorativos.<\/li>\n<li>Colagem de estruturas e caixilhos de portas, janelas\u2026<\/li>\n<li>Fixa\u00e7\u00e3o de calhas para cabos, caixas de correio, caixas de luz, sinal\u00e9tica, etc.<\/li>\n<\/ul>\n<\/li>\n<\/ul>\n<p>Adere a<\/p>\n<ul>\n<li style=\"list-style-type: none;\">\n<ul>\n<li>Madeiras, parquet, f\u00f3rmica e melamina, corti\u00e7a, bet\u00e3o e cimento, alvenaria, granitos, m\u00e1rmore, gesso, metais<\/li>\n<\/ul>\n<\/li>\n<\/ul>\n<p><strong>Caracter\u00edsticas T\u00e9cnicas<\/strong><\/p>\n<ul>\n<li style=\"list-style-type: none;\">\n<ul>\n<li>Conte\u00fado: 375 g<\/li>\n<li>Cor: Bege<\/li>\n<li>Colagem e secagem super-r\u00e1pidas<\/li>\n<li>Colagem extraforte.<\/li>\n<li>Resistente \u00e0 \u00e1gua e \u00e0s baixas temperaturas<\/li>\n<li>\u00a0N\u00e3o necessita de prim\u00e1rio.<\/li>\n<li>Aplica\u00e7\u00e3o direta sem arejar<\/li>\n<li>Quando armazenado no seu recipiente original n\u00e3o aberto, em local fresco e seco, afastado de fontes de calor e de humidade, protegido da luz solar e a temperaturas entre +15\u00b0C e +30\u00b0C, pode ser armazenado durante 18 meses.<\/li>\n<\/ul>\n<\/li>\n<\/ul>\n<p><strong>Documentos e Downloads<br \/>\n<\/strong><a href=\"https:\/\/mendesdecor.pt\/?attachment_id=5310\" rel=\"attachment wp-att-5310\">Ficha T\u00e9cnica Prego L\u00edquido A-31<\/a><\/p>\n","protected":false},"excerpt":{"rendered":"<p><strong>PRE\u00c7O SOB CONSULTA.<\/strong><\/p>\n<p>PENOSIL Prego l\u00edquido A-31 \u00e9 uma cola montagem formulada com resinas sint\u00e9ticas e solventes. Tem uma grande adesividade inicial e \u00e9 capaz de preencher e colar uma ampla variedade de substratos de forma r\u00e1pida e simples. \u00c9 ideal para todo o tipo de uni\u00f5es na constru\u00e7\u00e3o, decora\u00e7\u00e3o e bricolage, eliminando o uso de pregos, rebites, grampos ou outros elementos de fixa\u00e7\u00e3o mec\u00e2nicos<\/p>\n","protected":false},"featured_media":5311,"template":"","meta":[],"product_brand":[],"product_cat":[149,602],"product_tag":[],"class_list":["post-5308","product","type-product","status-publish","has-post-thumbnail","product_cat-autonivelantes-colas-e-vernizes","product_cat-prego-liquido-a31","first","instock","shipping-taxable","purchasable","product-type-variable"],"_links":{"self":[{"href":"https:\/\/mendesdecor.pt\/index.php\/wp-json\/wp\/v2\/product\/5308","targetHints":{"allow":["GET"]}}],"collection":[{"href":"https:\/\/mendesdecor.pt\/index.php\/wp-json\/wp\/v2\/product"}],"about":[{"href":"https:\/\/mendesdecor.pt\/index.php\/wp-json\/wp\/v2\/types\/product"}],"wp:featuredmedia":[{"embeddable":true,"href":"https:\/\/mendesdecor.pt\/index.php\/wp-json\/wp\/v2\/media\/5311"}],"wp:attachment":[{"href":"https:\/\/mendesdecor.pt\/index.php\/wp-json\/wp\/v2\/media?parent=5308"}],"wp:term":[{"taxonomy":"product_brand","embeddable":true,"href":"https:\/\/mendesdecor.pt\/index.php\/wp-json\/wp\/v2\/product_brand?post=5308"},{"taxonomy":"product_cat","embeddable":true,"href":"https:\/\/mendesdecor.pt\/index.php\/wp-json\/wp\/v2\/product_cat?post=5308"},{"taxonomy":"product_tag","embeddable":true,"href":"https:\/\/mendesdecor.pt\/index.php\/wp-json\/wp\/v2\/product_tag?post=5308"}],"curies":[{"name":"wp","href":"https:\/\/api.w.org\/{rel}","templated":true}]}}

Penosil Prego Líquido A-31

<p><strong>Áreas de Aplicação</strong></p>
<ul>
<li style="list-style-type: none;">
<ul>
<li>Colagem e fixação de materiais porosos e não porosos, dispensando o uso de pregos, rebites, grampos ou outras fixações mecânicas.</li>
<li>Colagem de rodapés, painéis, ladrilhos, guarnições de portas, perfis e outros elementos decorativos.</li>
<li>Colagem de estruturas e caixilhos de portas, janelas…</li>
<li>Fixação de calhas para cabos, caixas de correio, caixas de luz, sinalética, etc.</li>
</ul>
</li>
</ul>
<p>Adere a</p>
<ul>
<li style="list-style-type: none;">
<ul>
<li>Madeiras, parquet, fórmica e melamina, cortiça, betão e cimento, alvenaria, granitos, mármore, gesso, metais</li>
</ul>
</li>
</ul>
<p><strong>Características Técnicas</strong></p>
<ul>
<li style="list-style-type: none;">
<ul>
<li>Conteúdo: 375 g</li>
<li>Cor: Bege</li>
<li>Colagem e secagem super-rápidas</li>
<li>Colagem extraforte.</li>
<li>Resistente à água e às baixas temperaturas</li>
<li> Não necessita de primário.</li>
<li>Aplicação direta sem arejar</li>
<li>Quando armazenado no seu recipiente original não aberto, em local fresco e seco, afastado de fontes de calor e de humidade, protegido da luz solar e a temperaturas entre +15°C e +30°C, pode ser armazenado durante 18 meses.</li>
</ul>
</li>
</ul>
<p><strong>Documentos e Downloads<br />
</strong><a href="https://mendesdecor.pt/?attachment_id=5310" rel="attachment wp-att-5310">Ficha Técnica Prego Líquido A-31</a></p>

<p><strong>PREÇO SOB CONSULTA.</strong></p>
<p>PENOSIL Prego líquido A-31 é uma cola montagem formulada com resinas sintéticas e solventes. Tem uma grande adesividade inicial e é capaz de preencher e colar uma ampla variedade de substratos de forma rápida e simples. É ideal para todo o tipo de uniões na construção, decoração e bricolage, eliminando o uso de pregos, rebites, grampos ou outros elementos de fixação mecânicos</p>
