{"id":5313,"date":"2026-03-05T14:39:38","date_gmt":"2026-03-05T14:39:38","guid":{"rendered":"https:\/\/mendesdecor.pt\/?post_type=product&#038;p=5313"},"modified":"2026-03-05T14:54:44","modified_gmt":"2026-03-05T14:54:44","slug":"pecol-cola-ultrafix-fixacao-sem-pregos","status":"publish","type":"product","link":"https:\/\/mendesdecor.pt\/index.php\/produto\/pecol-cola-ultrafix-fixacao-sem-pregos\/","title":{"rendered":"Pecol Cola Ultrafix Fixa\u00e7\u00e3o sem Pregos"},"content":{"rendered":"<p><strong>Caracter\u00edsticas T\u00e9cnicas<\/strong><\/p>\n<ul>\n<li style=\"list-style-type: none;\">\n<ul>\n<li>Conte\u00fado: 280ml<\/li>\n<li>Cor: Bege<\/li>\n<li>Fixa e cola sem pregos e parafusos<\/li>\n<li>Secagem r\u00e1pida<\/li>\n<li>F\u00e1cil aplica\u00e7\u00e3o e extra resistente<\/li>\n<li>Posi\u00e7\u00e3o ajust\u00e1vel at\u00e9 10minutos ap\u00f3s aplica\u00e7\u00e3o<\/li>\n<li>Indicado para interior e exterior<\/li>\n<\/ul>\n<\/li>\n<\/ul>\n<p><strong>Adere a<\/strong><\/p>\n<ul>\n<li style=\"list-style-type: none;\">\n<ul>\n<li>Madeira<\/li>\n<li>Bet\u00e3o<\/li>\n<li>Pl\u00e1stico<\/li>\n<li>Pedra<\/li>\n<li>PVC<\/li>\n<li>Azulejo<\/li>\n<\/ul>\n<\/li>\n<\/ul>\n","protected":false},"excerpt":{"rendered":"<p><strong>PRE\u00c7O SOB CONSULTA.<\/strong><\/p>\n<p>Cola Fixa\u00e7\u00e3o sem Pregos Ultrafix \u00e9 um adesivo \u00e0 base de solventes, com elevado n\u00edvel de viscosidade, com uma grande ader\u00eancia e uma fixa\u00e7\u00e3o inicial muito forte. \u00c9 um produto de f\u00e1cil aplica\u00e7\u00e3o e com uma secagem r\u00e1pida. Especialmente adequada para fixar uma vasta gama de materiais de constru\u00e7\u00e3o.<\/p>\n","protected":false},"featured_media":5316,"template":"","meta":[],"product_brand":[],"product_cat":[149],"product_tag":[],"class_list":["post-5313","product","type-product","status-publish","has-post-thumbnail","product_cat-autonivelantes-colas-e-vernizes","first","instock","shipping-taxable","purchasable","product-type-variable"],"_links":{"self":[{"href":"https:\/\/mendesdecor.pt\/index.php\/wp-json\/wp\/v2\/product\/5313","targetHints":{"allow":["GET"]}}],"collection":[{"href":"https:\/\/mendesdecor.pt\/index.php\/wp-json\/wp\/v2\/product"}],"about":[{"href":"https:\/\/mendesdecor.pt\/index.php\/wp-json\/wp\/v2\/types\/product"}],"wp:featuredmedia":[{"embeddable":true,"href":"https:\/\/mendesdecor.pt\/index.php\/wp-json\/wp\/v2\/media\/5316"}],"wp:attachment":[{"href":"https:\/\/mendesdecor.pt\/index.php\/wp-json\/wp\/v2\/media?parent=5313"}],"wp:term":[{"taxonomy":"product_brand","embeddable":true,"href":"https:\/\/mendesdecor.pt\/index.php\/wp-json\/wp\/v2\/product_brand?post=5313"},{"taxonomy":"product_cat","embeddable":true,"href":"https:\/\/mendesdecor.pt\/index.php\/wp-json\/wp\/v2\/product_cat?post=5313"},{"taxonomy":"product_tag","embeddable":true,"href":"https:\/\/mendesdecor.pt\/index.php\/wp-json\/wp\/v2\/product_tag?post=5313"}],"curies":[{"name":"wp","href":"https:\/\/api.w.org\/{rel}","templated":true}]}}

Pecol Cola Ultrafix Fixação sem Pregos

<p><strong>Características Técnicas</strong></p>
<ul>
<li style="list-style-type: none;">
<ul>
<li>Conteúdo: 280ml</li>
<li>Cor: Bege</li>
<li>Fixa e cola sem pregos e parafusos</li>
<li>Secagem rápida</li>
<li>Fácil aplicação e extra resistente</li>
<li>Posição ajustável até 10minutos após aplicação</li>
<li>Indicado para interior e exterior</li>
</ul>
</li>
</ul>
<p><strong>Adere a</strong></p>
<ul>
<li style="list-style-type: none;">
<ul>
<li>Madeira</li>
<li>Betão</li>
<li>Plástico</li>
<li>Pedra</li>
<li>PVC</li>
<li>Azulejo</li>
</ul>
</li>
</ul>

<p><strong>PREÇO SOB CONSULTA.</strong></p>
<p>Cola Fixação sem Pregos Ultrafix é um adesivo à base de solventes, com elevado nível de viscosidade, com uma grande aderência e uma fixação inicial muito forte. É um produto de fácil aplicação e com uma secagem rápida. Especialmente adequada para fixar uma vasta gama de materiais de construção.</p>
