{"id":5318,"date":"2026-03-05T14:53:35","date_gmt":"2026-03-05T14:53:35","guid":{"rendered":"https:\/\/mendesdecor.pt\/?post_type=product&#038;p=5318"},"modified":"2026-03-05T15:01:16","modified_gmt":"2026-03-05T15:01:16","slug":"penosil-easypega-turbo-888","status":"publish","type":"product","link":"https:\/\/mendesdecor.pt\/index.php\/produto\/penosil-easypega-turbo-888\/","title":{"rendered":"Penosil EasyPega Turbo 888"},"content":{"rendered":"<p><strong>Areas de Aplica\u00e7\u00e3o<\/strong><\/p>\n<ul>\n<li style=\"list-style-type: none;\">\n<ul>\n<li>Fixa\u00e7\u00e3o de placas isolantes em fachadas e funda\u00e7\u00f5es (compat\u00edvel com o sistema SATE\/ETICS).\u200b<\/li>\n<li>Fixa\u00e7\u00e3o de pain\u00e9is decorativos em interiores.<\/li>\n<li>Fixa\u00e7\u00e3o e repara\u00e7\u00e3o de peitoris de janela, rodap\u00e9s, perfis, etc.\u200b<\/li>\n<li>Colagem de pain\u00e9is de poliestireno, gesso, madeira.\u200b<\/li>\n<li>Instala\u00e7\u00e3o de elementos de carpintaria e guarni\u00e7\u00f5es de portas.\u200b<\/li>\n<\/ul>\n<\/li>\n<\/ul>\n<p><strong>Adere a<\/strong><\/p>\n<ul>\n<li>Pain\u00e9is de isolamento t\u00e9rmico, EPS e XPS, l\u00e3 mineral, bet\u00e3o, madeira, placas de gesso, pain\u00e9is de constru\u00e7\u00e3o, tijolos, blocos<\/li>\n<\/ul>\n<p><strong>Caracter\u00edsticas T\u00e9cnicas<\/strong><\/p>\n<ul>\n<li style=\"list-style-type: none;\">\n<ul>\n<li>Conte\u00fado: Aerossol met\u00e1lico 750 ml<\/li>\n<li>Cor: Amarelo Claro<\/li>\n<li>Fixa\u00e7\u00e3o em 60 segundos.<\/li>\n<li>Sistema de aplica\u00e7\u00e3o 2 em 1, manual e pistola. Inclui a c\u00e2nula patenteada Easygun.<\/li>\n<li>Aplica\u00e7\u00f5es interiores e exteriores.<\/li>\n<li>Fixa\u00e7\u00e3o r\u00e1pida, forte e duradoura, que reduz os tempos de montagem.<\/li>\n<li>Proporciona isolamento t\u00e9rmico e ac\u00fastico.<\/li>\n<\/ul>\n<\/li>\n<\/ul>\n<p><strong>Documentos e Downloads\u00a0<\/strong><\/p>\n<p><a href=\"https:\/\/mendesdecor.pt\/?attachment_id=5320\" rel=\"attachment wp-att-5320\">Ficha T\u00e9cnica &#8211; EasyPega Turbo 888<\/a><\/p>\n","protected":false},"excerpt":{"rendered":"<p><strong>PRE\u00c7O SOB CONSULTA.<\/strong><\/p>\n<p><strong>Espuma Adesiva Fixa\u00e7\u00e3o em 60 seg.<\/strong><\/p>\n<p>Espuma adesiva universal de cura ultra-r\u00e1pida, fixa\u00e7\u00e3o em 60 segundos, com sistema de aplica\u00e7\u00e3o 2 em 1: manual e pistola. Alto desempenho, excelentes propriedades isolantes e uma estrutura forte, uniforme e el\u00e1stica.\u00a0<span class=\"TextRun SCXW20424236 BCX8\" lang=\"PT-BR\" xml:lang=\"PT-BR\" data-contrast=\"none\"><span class=\"NormalTextRun SCXW20424236 BCX8\" data-ccp-parastyle=\"P\u00e1rrafo PT\">E<\/span><span class=\"NormalTextRun SCXW20424236 BCX8\" data-ccp-parastyle=\"P\u00e1rrafo PT\">levada<\/span><\/span>\u00a0ader\u00eancia aos materiais de constru\u00e7\u00e3o mais utilizados, podendo, em muitos casos, substituir a fixa\u00e7\u00e3o mec\u00e2nica.<\/p>\n","protected":false},"featured_media":5321,"template":"","meta":[],"product_brand":[],"product_cat":[149,603],"product_tag":[],"class_list":["post-5318","product","type-product","status-publish","has-post-thumbnail","product_cat-autonivelantes-colas-e-vernizes","product_cat-easypega-turbo-888","first","instock","shipping-taxable","purchasable","product-type-variable"],"_links":{"self":[{"href":"https:\/\/mendesdecor.pt\/index.php\/wp-json\/wp\/v2\/product\/5318","targetHints":{"allow":["GET"]}}],"collection":[{"href":"https:\/\/mendesdecor.pt\/index.php\/wp-json\/wp\/v2\/product"}],"about":[{"href":"https:\/\/mendesdecor.pt\/index.php\/wp-json\/wp\/v2\/types\/product"}],"wp:featuredmedia":[{"embeddable":true,"href":"https:\/\/mendesdecor.pt\/index.php\/wp-json\/wp\/v2\/media\/5321"}],"wp:attachment":[{"href":"https:\/\/mendesdecor.pt\/index.php\/wp-json\/wp\/v2\/media?parent=5318"}],"wp:term":[{"taxonomy":"product_brand","embeddable":true,"href":"https:\/\/mendesdecor.pt\/index.php\/wp-json\/wp\/v2\/product_brand?post=5318"},{"taxonomy":"product_cat","embeddable":true,"href":"https:\/\/mendesdecor.pt\/index.php\/wp-json\/wp\/v2\/product_cat?post=5318"},{"taxonomy":"product_tag","embeddable":true,"href":"https:\/\/mendesdecor.pt\/index.php\/wp-json\/wp\/v2\/product_tag?post=5318"}],"curies":[{"name":"wp","href":"https:\/\/api.w.org\/{rel}","templated":true}]}}

<p><strong>Areas de Aplicação</strong></p>
<ul>
<li style="list-style-type: none;">
<ul>
<li>Fixação de placas isolantes em fachadas e fundações (compatível com o sistema SATE/ETICS).​</li>
<li>Fixação de painéis decorativos em interiores.</li>
<li>Fixação e reparação de peitoris de janela, rodapés, perfis, etc.​</li>
<li>Colagem de painéis de poliestireno, gesso, madeira.​</li>
<li>Instalação de elementos de carpintaria e guarnições de portas.​</li>
</ul>
</li>
</ul>
<p><strong>Adere a</strong></p>
<ul>
<li>Painéis de isolamento térmico, EPS e XPS, lã mineral, betão, madeira, placas de gesso, painéis de construção, tijolos, blocos</li>
</ul>
<p><strong>Características Técnicas</strong></p>
<ul>
<li style="list-style-type: none;">
<ul>
<li>Conteúdo: Aerossol metálico 750 ml</li>
<li>Cor: Amarelo Claro</li>
<li>Fixação em 60 segundos.</li>
<li>Sistema de aplicação 2 em 1, manual e pistola. Inclui a cânula patenteada Easygun.</li>
<li>Aplicações interiores e exteriores.</li>
<li>Fixação rápida, forte e duradoura, que reduz os tempos de montagem.</li>
<li>Proporciona isolamento térmico e acústico.</li>
</ul>
</li>
</ul>
<p><strong>Documentos e Downloads </strong></p>
<p><a href="https://mendesdecor.pt/?attachment_id=5320" rel="attachment wp-att-5320">Ficha Técnica &#8211; EasyPega Turbo 888</a></p>

<p><strong>PREÇO SOB CONSULTA.</strong></p>
<p><strong>Espuma Adesiva Fixação em 60 seg.</strong></p>
<p>Espuma adesiva universal de cura ultra-rápida, fixação em 60 segundos, com sistema de aplicação 2 em 1: manual e pistola. Alto desempenho, excelentes propriedades isolantes e uma estrutura forte, uniforme e elástica. <span class="TextRun SCXW20424236 BCX8" lang="PT-BR" xml:lang="PT-BR" data-contrast="none"><span class="NormalTextRun SCXW20424236 BCX8" data-ccp-parastyle="Párrafo PT">E</span><span class="NormalTextRun SCXW20424236 BCX8" data-ccp-parastyle="Párrafo PT">levada</span></span> aderência aos materiais de construção mais utilizados, podendo, em muitos casos, substituir a fixação mecânica.</p>
