{"id":5325,"date":"2026-03-05T15:10:28","date_gmt":"2026-03-05T15:10:28","guid":{"rendered":"https:\/\/mendesdecor.pt\/?post_type=product&#038;p=5325"},"modified":"2026-03-05T15:17:44","modified_gmt":"2026-03-05T15:17:44","slug":"penosil-selador-madeira-698","status":"publish","type":"product","link":"https:\/\/mendesdecor.pt\/index.php\/produto\/penosil-selador-madeira-698\/","title":{"rendered":"Penosil Selador Madeira 698"},"content":{"rendered":"<p><strong>\u00c1reas de Aplica\u00e7\u00e3o<\/strong><\/p>\n<ul>\n<li style=\"list-style-type: none;\">\n<ul>\n<li>Veda\u00e7\u00e3o flex\u00edvel de juntas de baixo movimento e preenchimento de fissuras em materiais porosos.<\/li>\n<li>Veda\u00e7\u00e3o de caixilhos de janelas e guarni\u00e7\u00f5es de portas.<\/li>\n<li>Selagem em elementos de madeira: rodap\u00e9s e parquet, arm\u00e1rios e m\u00f3veis embutidos.<\/li>\n<li>Juntas em peitoris de janela.<\/li>\n<\/ul>\n<\/li>\n<\/ul>\n<p><strong>Adere a<\/strong><\/p>\n<ul>\n<li style=\"list-style-type: none;\">\n<ul>\n<li>Policarbonato, vidro, alum\u00ednio lacado, madeira, PVC, cer\u00e2mica, bet\u00e3o, cimento<\/li>\n<\/ul>\n<\/li>\n<\/ul>\n<p><strong>Caracter\u00edsticas T\u00e9cnicas<\/strong><\/p>\n<ul>\n<li style=\"list-style-type: none;\">\n<ul>\n<li>Conte\u00fado: 300 ml<\/li>\n<li>Cores: Carvalho, Cinza Escuro, Cinza Claro, Nogueira, Cerejeira, Lino Canc\u00fan, Faia, Sapeli<\/li>\n<li>Selante base aquosa com baixo odor.<\/li>\n<li>Flex\u00edvel, n\u00e3o fissura.<\/li>\n<li>Secagem r\u00e1pida. Pronto a pintar em 2 horas.<\/li>\n<li>Contra\u00e7\u00e3o m\u00ednima.<\/li>\n<li>Extens\u00edvel.<\/li>\n<li>Acabamento liso e profissional.<\/li>\n<li>Compat\u00edvel com tintas<\/li>\n<li>F\u00e1cil de aplicar. Lav\u00e1vel com \u00e1gua.<\/li>\n<\/ul>\n<\/li>\n<\/ul>\n<p><strong>Documentos e Downloads\u00a0<\/strong><\/p>\n<p><a href=\"https:\/\/mendesdecor.pt\/?attachment_id=5328\" rel=\"attachment wp-att-5328\">Ficha T\u00e9cnica &#8211; Selador Madeira 698<\/a><\/p>\n","protected":false},"excerpt":{"rendered":"<p><strong>PRE\u00c7O SOB CONSULTA.<\/strong><\/p>\n<p><strong>Selante de Juntas de Madeira.<\/strong><\/p>\n<p>Selante plasto-el\u00e1stico de alta qualidade para juntas de madeira, \u00e0 base de dispers\u00f5es acr\u00edlicas siliconizadas. Pint\u00e1vel em 2 horas.<\/p>\n","protected":false},"featured_media":5327,"template":"","meta":[],"product_brand":[],"product_cat":[149,605],"product_tag":[],"class_list":["post-5325","product","type-product","status-publish","has-post-thumbnail","product_cat-autonivelantes-colas-e-vernizes","product_cat-selador-madeira-698","first","instock","shipping-taxable","purchasable","product-type-variable"],"_links":{"self":[{"href":"https:\/\/mendesdecor.pt\/index.php\/wp-json\/wp\/v2\/product\/5325","targetHints":{"allow":["GET"]}}],"collection":[{"href":"https:\/\/mendesdecor.pt\/index.php\/wp-json\/wp\/v2\/product"}],"about":[{"href":"https:\/\/mendesdecor.pt\/index.php\/wp-json\/wp\/v2\/types\/product"}],"wp:featuredmedia":[{"embeddable":true,"href":"https:\/\/mendesdecor.pt\/index.php\/wp-json\/wp\/v2\/media\/5327"}],"wp:attachment":[{"href":"https:\/\/mendesdecor.pt\/index.php\/wp-json\/wp\/v2\/media?parent=5325"}],"wp:term":[{"taxonomy":"product_brand","embeddable":true,"href":"https:\/\/mendesdecor.pt\/index.php\/wp-json\/wp\/v2\/product_brand?post=5325"},{"taxonomy":"product_cat","embeddable":true,"href":"https:\/\/mendesdecor.pt\/index.php\/wp-json\/wp\/v2\/product_cat?post=5325"},{"taxonomy":"product_tag","embeddable":true,"href":"https:\/\/mendesdecor.pt\/index.php\/wp-json\/wp\/v2\/product_tag?post=5325"}],"curies":[{"name":"wp","href":"https:\/\/api.w.org\/{rel}","templated":true}]}}

<p><strong>Áreas de Aplicação</strong></p>
<ul>
<li style="list-style-type: none;">
<ul>
<li>Vedação flexível de juntas de baixo movimento e preenchimento de fissuras em materiais porosos.</li>
<li>Vedação de caixilhos de janelas e guarnições de portas.</li>
<li>Selagem em elementos de madeira: rodapés e parquet, armários e móveis embutidos.</li>
<li>Juntas em peitoris de janela.</li>
</ul>
</li>
</ul>
<p><strong>Adere a</strong></p>
<ul>
<li style="list-style-type: none;">
<ul>
<li>Policarbonato, vidro, alumínio lacado, madeira, PVC, cerâmica, betão, cimento</li>
</ul>
</li>
</ul>
<p><strong>Características Técnicas</strong></p>
<ul>
<li style="list-style-type: none;">
<ul>
<li>Conteúdo: 300 ml</li>
<li>Cores: Carvalho, Cinza Escuro, Cinza Claro, Nogueira, Cerejeira, Lino Cancún, Faia, Sapeli</li>
<li>Selante base aquosa com baixo odor.</li>
<li>Flexível, não fissura.</li>
<li>Secagem rápida. Pronto a pintar em 2 horas.</li>
<li>Contração mínima.</li>
<li>Extensível.</li>
<li>Acabamento liso e profissional.</li>
<li>Compatível com tintas</li>
<li>Fácil de aplicar. Lavável com água.</li>
</ul>
</li>
</ul>
<p><strong>Documentos e Downloads </strong></p>
<p><a href="https://mendesdecor.pt/?attachment_id=5328" rel="attachment wp-att-5328">Ficha Técnica &#8211; Selador Madeira 698</a></p>

<p><strong>PREÇO SOB CONSULTA.</strong></p>
<p><strong>Selante de Juntas de Madeira.</strong></p>
<p>Selante plasto-elástico de alta qualidade para juntas de madeira, à base de dispersões acrílicas siliconizadas. Pintável em 2 horas.</p>
