{"id":5336,"date":"2026-03-05T15:51:05","date_gmt":"2026-03-05T15:51:05","guid":{"rendered":"https:\/\/mendesdecor.pt\/?post_type=product&#038;p=5336"},"modified":"2026-03-05T15:56:55","modified_gmt":"2026-03-05T15:56:55","slug":"bostik-superglue-liquida","status":"publish","type":"product","link":"https:\/\/mendesdecor.pt\/index.php\/produto\/bostik-superglue-liquida\/","title":{"rendered":"Bostik SUPERGLUE L\u00edquida"},"content":{"rendered":"<p><strong>Aplica\u00e7\u00e3o<\/strong><\/p>\n<ul>\n<li style=\"list-style-type: none;\">\n<ul>\n<li>Porcelana<\/li>\n<li>Cer\u00e2mica<\/li>\n<li>Borracha<\/li>\n<li>Couro<\/li>\n<li>Vidro<\/li>\n<li>Madeira<\/li>\n<li>Cart\u00e3o<\/li>\n<li>Bem como alguns tipos de joias, metais e pl\u00e1sticos.<\/li>\n<\/ul>\n<\/li>\n<\/ul>\n<p><strong>Caracter\u00edsticas T\u00e9cnicas<\/strong><\/p>\n<ul>\n<li style=\"list-style-type: none;\">\n<ul>\n<li>Conte\u00fado:<\/li>\n<li>Cor: Transparente<\/li>\n<li>Ideal para superf\u00edcies horizontais.<\/li>\n<li>Forte poder de colagem.<\/li>\n<li>Cola em segundos.<\/li>\n<li>Baixa viscosidade (l\u00edquida)<\/li>\n<\/ul>\n<\/li>\n<\/ul>\n<p><strong>Documentos e Downloads\u00a0<\/strong><\/p>\n<p><a href=\"https:\/\/mendesdecor.pt\/?attachment_id=5338\" rel=\"attachment wp-att-5338\">Ficha T\u00e9cnica &#8211; SUPERGLUE L\u00edquida<\/a><\/p>\n","protected":false},"excerpt":{"rendered":"<p><strong>PRE\u00c7O SOB CONSULTA.<\/strong><\/p>\n<p>\u00c9 uma cola de cianoacrilato, instant\u00e2nea e monocomponente. Cola em breves segundos sem necessidade de endurecedor, ativador ou grampos de aperto. Uma reduzida quantidade de cola \u00e9 suficiente para obter uma colagem forte e resistente.<\/p>\n","protected":false},"featured_media":5339,"template":"","meta":[],"product_brand":[],"product_cat":[149,607],"product_tag":[],"class_list":["post-5336","product","type-product","status-publish","has-post-thumbnail","product_cat-autonivelantes-colas-e-vernizes","product_cat-superglue-liquida","first","instock","shipping-taxable","purchasable","product-type-variable"],"_links":{"self":[{"href":"https:\/\/mendesdecor.pt\/index.php\/wp-json\/wp\/v2\/product\/5336","targetHints":{"allow":["GET"]}}],"collection":[{"href":"https:\/\/mendesdecor.pt\/index.php\/wp-json\/wp\/v2\/product"}],"about":[{"href":"https:\/\/mendesdecor.pt\/index.php\/wp-json\/wp\/v2\/types\/product"}],"wp:featuredmedia":[{"embeddable":true,"href":"https:\/\/mendesdecor.pt\/index.php\/wp-json\/wp\/v2\/media\/5339"}],"wp:attachment":[{"href":"https:\/\/mendesdecor.pt\/index.php\/wp-json\/wp\/v2\/media?parent=5336"}],"wp:term":[{"taxonomy":"product_brand","embeddable":true,"href":"https:\/\/mendesdecor.pt\/index.php\/wp-json\/wp\/v2\/product_brand?post=5336"},{"taxonomy":"product_cat","embeddable":true,"href":"https:\/\/mendesdecor.pt\/index.php\/wp-json\/wp\/v2\/product_cat?post=5336"},{"taxonomy":"product_tag","embeddable":true,"href":"https:\/\/mendesdecor.pt\/index.php\/wp-json\/wp\/v2\/product_tag?post=5336"}],"curies":[{"name":"wp","href":"https:\/\/api.w.org\/{rel}","templated":true}]}}

Bostik SUPERGLUE Líquida

<p><strong>Aplicação</strong></p>
<ul>
<li style="list-style-type: none;">
<ul>
<li>Porcelana</li>
<li>Cerâmica</li>
<li>Borracha</li>
<li>Couro</li>
<li>Vidro</li>
<li>Madeira</li>
<li>Cartão</li>
<li>Bem como alguns tipos de joias, metais e plásticos.</li>
</ul>
</li>
</ul>
<p><strong>Características Técnicas</strong></p>
<ul>
<li style="list-style-type: none;">
<ul>
<li>Conteúdo:</li>
<li>Cor: Transparente</li>
<li>Ideal para superfícies horizontais.</li>
<li>Forte poder de colagem.</li>
<li>Cola em segundos.</li>
<li>Baixa viscosidade (líquida)</li>
</ul>
</li>
</ul>
<p><strong>Documentos e Downloads </strong></p>
<p><a href="https://mendesdecor.pt/?attachment_id=5338" rel="attachment wp-att-5338">Ficha Técnica &#8211; SUPERGLUE Líquida</a></p>

<p><strong>PREÇO SOB CONSULTA.</strong></p>
<p>É uma cola de cianoacrilato, instantânea e monocomponente. Cola em breves segundos sem necessidade de endurecedor, ativador ou grampos de aperto. Uma reduzida quantidade de cola é suficiente para obter uma colagem forte e resistente.</p>
