{"id":5340,"date":"2026-03-05T15:57:39","date_gmt":"2026-03-05T15:57:39","guid":{"rendered":"https:\/\/mendesdecor.pt\/?post_type=product&#038;p=5340"},"modified":"2026-03-05T16:06:47","modified_gmt":"2026-03-05T16:06:47","slug":"bostik-roll","status":"publish","type":"product","link":"https:\/\/mendesdecor.pt\/index.php\/produto\/bostik-roll\/","title":{"rendered":"Bostik Roll"},"content":{"rendered":"<p><strong>Caracter\u00edsticas T\u00e9cnicas<\/strong><\/p>\n<ul>\n<li style=\"list-style-type: none;\">\n<ul>\n<li>Conte\u00fado: 35mm x 25m<\/li>\n<li>Indicada para paredes e pavimentos<\/li>\n<li>Fita adesiva de dupla face sem solventes.<\/li>\n<li>Fixa\u00e7\u00e3o forte e imediata.<\/li>\n<li>Aplica\u00e7\u00e3o r\u00e1pida e limpa<\/li>\n<\/ul>\n<\/li>\n<\/ul>\n<p><strong>Documentos e Downloads\u00a0<\/strong><\/p>\n<p><a href=\"https:\/\/mendesdecor.pt\/?attachment_id=5342\" rel=\"attachment wp-att-5342\">Ficha T\u00e9cnica &#8211; Roll<\/a><\/p>\n","protected":false},"excerpt":{"rendered":"<p><strong>PRE\u00c7O SOB CONSULTA.<\/strong><\/p>\n<p><strong>Fita Autoadesiva de dupla face para revestimentos e isolamentos de paredes.<\/strong><\/p>\n<p>\u00c9 uma fita adesiva de dupla face com rede de refor\u00e7o incorporada, destinada \u00e0 r\u00e1pida coloca\u00e7\u00e3o e montagem de rodap\u00e9s, perfis, meias canas, revestimentos t\u00eaxteis, acess\u00f3rios leves de parede e revestimentos murais sobre superf\u00edcies s\u00f3lidas e resistentes. Pode ser aplicada sobre v\u00e1rios tipos de superf\u00edcies como alternativa \u00e0s colas tradicionais.<\/p>\n","protected":false},"featured_media":5343,"template":"","meta":[],"product_brand":[],"product_cat":[149,608],"product_tag":[],"class_list":["post-5340","product","type-product","status-publish","has-post-thumbnail","product_cat-autonivelantes-colas-e-vernizes","product_cat-bostik-roll","first","instock","shipping-taxable","purchasable","product-type-variable"],"_links":{"self":[{"href":"https:\/\/mendesdecor.pt\/index.php\/wp-json\/wp\/v2\/product\/5340","targetHints":{"allow":["GET"]}}],"collection":[{"href":"https:\/\/mendesdecor.pt\/index.php\/wp-json\/wp\/v2\/product"}],"about":[{"href":"https:\/\/mendesdecor.pt\/index.php\/wp-json\/wp\/v2\/types\/product"}],"wp:featuredmedia":[{"embeddable":true,"href":"https:\/\/mendesdecor.pt\/index.php\/wp-json\/wp\/v2\/media\/5343"}],"wp:attachment":[{"href":"https:\/\/mendesdecor.pt\/index.php\/wp-json\/wp\/v2\/media?parent=5340"}],"wp:term":[{"taxonomy":"product_brand","embeddable":true,"href":"https:\/\/mendesdecor.pt\/index.php\/wp-json\/wp\/v2\/product_brand?post=5340"},{"taxonomy":"product_cat","embeddable":true,"href":"https:\/\/mendesdecor.pt\/index.php\/wp-json\/wp\/v2\/product_cat?post=5340"},{"taxonomy":"product_tag","embeddable":true,"href":"https:\/\/mendesdecor.pt\/index.php\/wp-json\/wp\/v2\/product_tag?post=5340"}],"curies":[{"name":"wp","href":"https:\/\/api.w.org\/{rel}","templated":true}]}}

<p><strong>Características Técnicas</strong></p>
<ul>
<li style="list-style-type: none;">
<ul>
<li>Conteúdo: 35mm x 25m</li>
<li>Indicada para paredes e pavimentos</li>
<li>Fita adesiva de dupla face sem solventes.</li>
<li>Fixação forte e imediata.</li>
<li>Aplicação rápida e limpa</li>
</ul>
</li>
</ul>
<p><strong>Documentos e Downloads </strong></p>
<p><a href="https://mendesdecor.pt/?attachment_id=5342" rel="attachment wp-att-5342">Ficha Técnica &#8211; Roll</a></p>

<p><strong>PREÇO SOB CONSULTA.</strong></p>
<p><strong>Fita Autoadesiva de dupla face para revestimentos e isolamentos de paredes.</strong></p>
<p>É uma fita adesiva de dupla face com rede de reforço incorporada, destinada à rápida colocação e montagem de rodapés, perfis, meias canas, revestimentos têxteis, acessórios leves de parede e revestimentos murais sobre superfícies sólidas e resistentes. Pode ser aplicada sobre vários tipos de superfícies como alternativa às colas tradicionais.</p>
