{"id":5434,"date":"2026-03-06T12:37:22","date_gmt":"2026-03-06T12:37:22","guid":{"rendered":"https:\/\/mendesdecor.pt\/?post_type=product&#038;p=5434"},"modified":"2026-03-06T15:56:56","modified_gmt":"2026-03-06T15:56:56","slug":"swiss-krono-grand-selection-chevron","status":"publish","type":"product","link":"https:\/\/mendesdecor.pt\/index.php\/produto\/swiss-krono-grand-selection-chevron\/","title":{"rendered":"Swiss Krono Grand Selection Chevron"},"content":{"rendered":"<div class=\"information__characteristics__specification__title\" data-v-206be96a=\"\">\n<div class=\"information__characteristics__key-features__title\" data-v-206be96a=\"\">\n<div class=\"information__characteristics__key-features__title\" data-v-206be96a=\"\">\n<div class=\"information__characteristics__key-features\" data-v-206be96a=\"\">\n<div data-v-206be96a=\"\"><\/div>\n<div class=\"information__characteristics__key-features__title\" data-v-206be96a=\"\"><strong>\u00a0 CARACTER\u00cdSTICAS T\u00c9CNICAS<\/strong><\/div>\n<div class=\"information__characteristics__key-features__list\" data-v-206be96a=\"\">\n<ul>\n<li style=\"list-style-type: none;\">\n<ul>\n<li>AC5 \u2013 Resist\u00eancia \u00e0 abras\u00e3o<\/li>\n<li>Classe 33 &#8211; Classe de uso elevado<\/li>\n<li>Resistente \u00e0 \u00e1gua<\/li>\n<li>Estrutura sincronizada<\/li>\n<li>8 x 12m sem perfil (\u00e1reas amplas)<\/li>\n<li>Antibacteriano<\/li>\n<li>Antiest\u00e1tico<\/li>\n<li>Instala\u00e7\u00e3o f\u00e1cil e r\u00e1pida<\/li>\n<\/ul>\n<\/li>\n<\/ul>\n<p><strong>\u00a0Documentos e Downloads<\/strong><\/p>\n<p><a href=\"https:\/\/mendesdecor.pt\/?attachment_id=5470\" rel=\"attachment wp-att-5470\">Ficha T\u00e9cnica &#8211; Swiss Krono Grand Selection<\/a><\/p>\n<\/div>\n<\/div>\n<\/div>\n<\/div>\n<\/div>\n","protected":false},"excerpt":{"rendered":"<p><strong>PRE\u00c7O SOB CONSULTA.<\/strong><\/p>\n<p>Comprimento (mm) &#8211; 1380<\/p>\n<p>Largura (mm) &#8211; 329<\/p>\n<p>Espessura (mm) &#8211; 10<\/p>\n<p>&nbsp;<\/p>\n","protected":false},"featured_media":5440,"template":"","meta":[],"product_brand":[],"product_cat":[108,143,109,535,639],"product_tag":[112],"class_list":["post-5434","product","type-product","status-publish","has-post-thumbnail","product_cat-construcao","product_cat-laminados","product_cat-pavimentos","product_cat-swiss-krono","product_cat-swiss-krono-grand-selection-chevron","product_tag-pavimentos","product_shipping_class-levantamento-na-loja","first","instock","shipping-taxable","purchasable","product-type-variable"],"_links":{"self":[{"href":"https:\/\/mendesdecor.pt\/index.php\/wp-json\/wp\/v2\/product\/5434","targetHints":{"allow":["GET"]}}],"collection":[{"href":"https:\/\/mendesdecor.pt\/index.php\/wp-json\/wp\/v2\/product"}],"about":[{"href":"https:\/\/mendesdecor.pt\/index.php\/wp-json\/wp\/v2\/types\/product"}],"wp:featuredmedia":[{"embeddable":true,"href":"https:\/\/mendesdecor.pt\/index.php\/wp-json\/wp\/v2\/media\/5440"}],"wp:attachment":[{"href":"https:\/\/mendesdecor.pt\/index.php\/wp-json\/wp\/v2\/media?parent=5434"}],"wp:term":[{"taxonomy":"product_brand","embeddable":true,"href":"https:\/\/mendesdecor.pt\/index.php\/wp-json\/wp\/v2\/product_brand?post=5434"},{"taxonomy":"product_cat","embeddable":true,"href":"https:\/\/mendesdecor.pt\/index.php\/wp-json\/wp\/v2\/product_cat?post=5434"},{"taxonomy":"product_tag","embeddable":true,"href":"https:\/\/mendesdecor.pt\/index.php\/wp-json\/wp\/v2\/product_tag?post=5434"}],"curies":[{"name":"wp","href":"https:\/\/api.w.org\/{rel}","templated":true}]}}

<div class="information__characteristics__specification__title" data-v-206be96a="">
<div class="information__characteristics__key-features__title" data-v-206be96a="">
<div class="information__characteristics__key-features__title" data-v-206be96a="">
<div class="information__characteristics__key-features" data-v-206be96a="">
<div data-v-206be96a=""></div>
<div class="information__characteristics__key-features__title" data-v-206be96a=""><strong>  CARACTERÍSTICAS TÉCNICAS</strong></div>
<div class="information__characteristics__key-features__list" data-v-206be96a="">
<ul>
<li style="list-style-type: none;">
<ul>
<li>AC5 – Resistência à abrasão</li>
<li>Classe 33 &#8211; Classe de uso elevado</li>
<li>Resistente à água</li>
<li>Estrutura sincronizada</li>
<li>8 x 12m sem perfil (áreas amplas)</li>
<li>Antibacteriano</li>
<li>Antiestático</li>
<li>Instalação fácil e rápida</li>
</ul>
</li>
</ul>
<p><strong> Documentos e Downloads</strong></p>
<p><a href="https://mendesdecor.pt/?attachment_id=5470" rel="attachment wp-att-5470">Ficha Técnica &#8211; Swiss Krono Grand Selection</a></p>
</div>
</div>
</div>
</div>
</div>

<p><strong>PREÇO SOB CONSULTA.</strong></p>
<p>Comprimento (mm) &#8211; 1380</p>
<p>Largura (mm) &#8211; 329</p>
<p>Espessura (mm) &#8211; 10</p>
<p>&nbsp;</p>
