{"id":5478,"date":"2026-03-11T12:37:49","date_gmt":"2026-03-11T12:37:49","guid":{"rendered":"https:\/\/mendesdecor.pt\/?post_type=product&#038;p=5478"},"modified":"2026-03-11T12:42:48","modified_gmt":"2026-03-11T12:42:48","slug":"lorcol-3258","status":"publish","type":"product","link":"https:\/\/mendesdecor.pt\/index.php\/produto\/lorcol-3258\/","title":{"rendered":"LORCOL 3258"},"content":{"rendered":"<p><strong>Caracter\u00edsticas T\u00e9cnicas<\/strong><\/p>\n<ul>\n<li style=\"list-style-type: none;\">\n<ul>\n<li>Conte\u00fado: 5 L<\/li>\n<\/ul>\n<\/li>\n<\/ul>\n<p>&nbsp;<\/p>\n<p><strong>Aplica\u00e7\u00f5es<\/strong><\/p>\n<p>Cola indicada para Constru\u00e7\u00e3o Civil, Ind\u00fastria de Madeira e usos \u201cuniversais\u201d para aplica\u00e7\u00f5es em laminados a aglomerados, pavimentos vin\u00edlicos e de corti\u00e7a, couros, t\u00eaxteis, etc.<\/p>\n","protected":false},"excerpt":{"rendered":"<p><strong>PRE\u00c7O SOB CONSULTA.<\/strong><\/p>\n<p><strong>Cola de contacto.<\/strong><\/p>\n","protected":false},"featured_media":5480,"template":"","meta":[],"product_brand":[],"product_cat":[657,149],"product_tag":[],"class_list":["post-5478","product","type-product","status-publish","has-post-thumbnail","product_cat-657","product_cat-autonivelantes-colas-e-vernizes","first","instock","shipping-taxable","purchasable","product-type-variable"],"_links":{"self":[{"href":"https:\/\/mendesdecor.pt\/index.php\/wp-json\/wp\/v2\/product\/5478","targetHints":{"allow":["GET"]}}],"collection":[{"href":"https:\/\/mendesdecor.pt\/index.php\/wp-json\/wp\/v2\/product"}],"about":[{"href":"https:\/\/mendesdecor.pt\/index.php\/wp-json\/wp\/v2\/types\/product"}],"wp:featuredmedia":[{"embeddable":true,"href":"https:\/\/mendesdecor.pt\/index.php\/wp-json\/wp\/v2\/media\/5480"}],"wp:attachment":[{"href":"https:\/\/mendesdecor.pt\/index.php\/wp-json\/wp\/v2\/media?parent=5478"}],"wp:term":[{"taxonomy":"product_brand","embeddable":true,"href":"https:\/\/mendesdecor.pt\/index.php\/wp-json\/wp\/v2\/product_brand?post=5478"},{"taxonomy":"product_cat","embeddable":true,"href":"https:\/\/mendesdecor.pt\/index.php\/wp-json\/wp\/v2\/product_cat?post=5478"},{"taxonomy":"product_tag","embeddable":true,"href":"https:\/\/mendesdecor.pt\/index.php\/wp-json\/wp\/v2\/product_tag?post=5478"}],"curies":[{"name":"wp","href":"https:\/\/api.w.org\/{rel}","templated":true}]}}

<p><strong>Características Técnicas</strong></p>
<ul>
<li style="list-style-type: none;">
<ul>
<li>Conteúdo: 5 L</li>
</ul>
</li>
</ul>
<p>&nbsp;</p>
<p><strong>Aplicações</strong></p>
<p>Cola indicada para Construção Civil, Indústria de Madeira e usos “universais” para aplicações em laminados a aglomerados, pavimentos vinílicos e de cortiça, couros, têxteis, etc.</p>

<p><strong>PREÇO SOB CONSULTA.</strong></p>
<p><strong>Cola de contacto.</strong></p>
